{"id":4683,"date":"2024-10-15T15:05:50","date_gmt":"2024-10-15T13:05:50","guid":{"rendered":"https:\/\/www.urbanmoveacademy.ch\/?post_type=event&#038;p=4683"},"modified":"2024-10-22T19:59:25","modified_gmt":"2024-10-22T17:59:25","slug":"johanna-faye","status":"publish","type":"event","link":"https:\/\/www.urbanmoveacademy.ch\/en\/event\/johanna-faye\/","title":{"rendered":"Johanna Faye"},"content":{"rendered":"\n<p>Workshop Dance<\/p>\n\n\n\n<p>02.12 &#8211; 06.12.2024<\/p>\n\n\n\n<p>14:00 \u2013 18:00<\/p>\n\n\n\n<p>UMA WestPark<\/p>\n\n\n\n<p>Studio A<\/p>\n\n\n\n<hr class=\"wp-block-separator has-alpha-channel-opacity\"\/>\n\n\n\n<p>Open Workshop&nbsp;<\/p>\n\n\n\n<p>To register :&nbsp;<a href=\"mailto:info@urbanmoveacademy.ch\" target=\"_blank\" rel=\"noreferrer noopener\">info@urbanmoveacademy.ch<\/a>  \/ 022 980 99 95<\/p>\n\n\n\n<p><a href=\"https:\/\/www.urbanmoveacademy.ch\/en\/workshops-open-classes\/registration-prices\/\">Prices on our website<\/a>&nbsp;&nbsp;<\/p>\n\n\n\n<p><strong>Johanna was born, raised, and still lives in the suburbs of Paris.<\/strong><\/p>\n\n\n\n<p>An artist with multiple mediums \u2013 dance, acting, poetry, lighting, scenography, styling, tattooing, cooking \u2013 guided primarily by her need for expression, she likes to define herself as a designer.<\/p>\n\n\n\n<p>Raised in hip-hop culture and self-taught, her artistic commitment was built through the practice of breakdancing. From this, she developed a deep conviction that she can be whatever she desires, that she is responsible for her power as well as her limits, and that it is up to her to pursue her ambitions.<\/p>\n\n\n\n<p>She began her career as a performer with the Membros company in Rio de Janeiro, Brazil, then collaborated with choreographers such as J\u00e9r\u00e9mie B\u00e9lingard\u2014principal dancer of the Paris Opera, Amala Dianor, and the Wang Ramirez company. As a choreographer, she co-founded the Black Sheep company in 2015 with Saido Lehlouh. Both were appointed co-directors of the National Choreographic Center of Rennes and Brittany in 2019, as part of the Fair-e collective formed for this occasion. In 2023, she was awarded the distinction of Chevalier des Arts et des Lettres.<\/p>\n\n\n\n<p>Since leaving the CCN in 2023, Johanna has continued to develop her role as artistic and choreographic director, remaining open to the worlds of theater, fashion, visual arts, and music. \u201cI don\u2019t want to choose a specific place to be creative, the only place I choose is the place of passion, love, and pleasure.\u201d \u2013 J.F. Johanna Faye.<\/p>\n\n\n\n<p><a href=\"https:\/\/www.instagram.com\/johfaye\/\" target=\"_blank\" rel=\"noreferrer noopener\">@johfaye<\/a><\/p>\n\n\n\n<p><em>highlight photo credit J\u00e9r\u00f4me Bonnet &nbsp;<a href=\"https:\/\/www.instagram.com\/jjjbonnet\/\" target=\"_blank\" rel=\"noreferrer noopener\">@jjjbonnet<\/a><\/em><\/p>\n\n\n\n<p><\/p>\n","protected":false},"featured_media":0,"parent":0,"template":"","event_category":[],"class_list":["post-4683","event","type-event","status-publish","hentry"],"acf":[],"yoast_head":"<!-- This site is optimized with the Yoast SEO plugin v27.3 - https:\/\/yoast.com\/product\/yoast-seo-wordpress\/ -->\n<title>Johanna Faye - Urban Move Academy - Gen\u00e8ve, Suisse<\/title>\n<meta name=\"description\" content=\"Workshop Dance 02.12 - 06.12.2024 14:00 \u2013 18:00 UMA WestPark Studio A Open Workshop&nbsp; To register :&nbsp;info@urbanmoveacademy.ch \/ 022 980 99 95\" \/>\n<meta name=\"robots\" content=\"index, follow, max-snippet:-1, max-image-preview:large, max-video-preview:-1\" \/>\n<link rel=\"canonical\" href=\"https:\/\/www.urbanmoveacademy.ch\/en\/event\/johanna-faye\/\" \/>\n<meta property=\"og:locale\" content=\"en_US\" \/>\n<meta property=\"og:type\" content=\"article\" \/>\n<meta property=\"og:title\" content=\"Johanna Faye - Urban Move Academy - Gen\u00e8ve, Suisse\" \/>\n<meta property=\"og:description\" content=\"Workshop Dance 02.12 - 06.12.2024 14:00 \u2013 18:00 UMA WestPark Studio A Open Workshop&nbsp; To register :&nbsp;info@urbanmoveacademy.ch \/ 022 980 99 95\" \/>\n<meta property=\"og:url\" content=\"https:\/\/www.urbanmoveacademy.ch\/en\/event\/johanna-faye\/\" \/>\n<meta property=\"og:site_name\" content=\"Urban Move Academy - Gen\u00e8ve, Suisse\" \/>\n<meta property=\"article:modified_time\" content=\"2024-10-22T17:59:25+00:00\" \/>\n<meta name=\"twitter:card\" content=\"summary_large_image\" \/>\n<meta name=\"twitter:label1\" content=\"Est. reading time\" \/>\n\t<meta name=\"twitter:data1\" content=\"1 minute\" \/>\n<script type=\"application\/ld+json\" class=\"yoast-schema-graph\">{\"@context\":\"https:\\\/\\\/schema.org\",\"@graph\":[{\"@type\":\"WebPage\",\"@id\":\"https:\\\/\\\/www.urbanmoveacademy.ch\\\/en\\\/event\\\/johanna-faye\\\/\",\"url\":\"https:\\\/\\\/www.urbanmoveacademy.ch\\\/en\\\/event\\\/johanna-faye\\\/\",\"name\":\"Johanna Faye - Urban Move Academy - Gen\u00e8ve, Suisse\",\"isPartOf\":{\"@id\":\"https:\\\/\\\/www.urbanmoveacademy.ch\\\/en\\\/#website\"},\"datePublished\":\"2024-10-15T13:05:50+00:00\",\"dateModified\":\"2024-10-22T17:59:25+00:00\",\"description\":\"Workshop Dance 02.12 - 06.12.2024 14:00 \u2013 18:00 UMA WestPark Studio A Open Workshop&nbsp; To register :&nbsp;info@urbanmoveacademy.ch \\\/ 022 980 99 95\",\"breadcrumb\":{\"@id\":\"https:\\\/\\\/www.urbanmoveacademy.ch\\\/en\\\/event\\\/johanna-faye\\\/#breadcrumb\"},\"inLanguage\":\"en-US\",\"potentialAction\":[{\"@type\":\"ReadAction\",\"target\":[\"https:\\\/\\\/www.urbanmoveacademy.ch\\\/en\\\/event\\\/johanna-faye\\\/\"]}]},{\"@type\":\"BreadcrumbList\",\"@id\":\"https:\\\/\\\/www.urbanmoveacademy.ch\\\/en\\\/event\\\/johanna-faye\\\/#breadcrumb\",\"itemListElement\":[{\"@type\":\"ListItem\",\"position\":1,\"name\":\"Accueil\",\"item\":\"https:\\\/\\\/www.urbanmoveacademy.ch\\\/en\\\/\"},{\"@type\":\"ListItem\",\"position\":2,\"name\":\"\u00c9v\u00e9nements\",\"item\":\"https:\\\/\\\/www.urbanmoveacademy.ch\\\/en\\\/agenda\\\/\"},{\"@type\":\"ListItem\",\"position\":3,\"name\":\"Johanna Faye\"}]},{\"@type\":\"WebSite\",\"@id\":\"https:\\\/\\\/www.urbanmoveacademy.ch\\\/en\\\/#website\",\"url\":\"https:\\\/\\\/www.urbanmoveacademy.ch\\\/en\\\/\",\"name\":\"Urban Move Academy - Gen\u00e8ve, Suisse\",\"description\":\"\",\"publisher\":{\"@id\":\"https:\\\/\\\/www.urbanmoveacademy.ch\\\/en\\\/#organization\"},\"potentialAction\":[{\"@type\":\"SearchAction\",\"target\":{\"@type\":\"EntryPoint\",\"urlTemplate\":\"https:\\\/\\\/www.urbanmoveacademy.ch\\\/en\\\/?s={search_term_string}\"},\"query-input\":{\"@type\":\"PropertyValueSpecification\",\"valueRequired\":true,\"valueName\":\"search_term_string\"}}],\"inLanguage\":\"en-US\"},{\"@type\":\"Organization\",\"@id\":\"https:\\\/\\\/www.urbanmoveacademy.ch\\\/en\\\/#organization\",\"name\":\"Urban Move Academy\",\"url\":\"https:\\\/\\\/www.urbanmoveacademy.ch\\\/en\\\/\",\"logo\":{\"@type\":\"ImageObject\",\"inLanguage\":\"en-US\",\"@id\":\"https:\\\/\\\/www.urbanmoveacademy.ch\\\/en\\\/#\\\/schema\\\/logo\\\/image\\\/\",\"url\":\"https:\\\/\\\/www.urbanmoveacademy.ch\\\/wp-content\\\/uploads\\\/2022\\\/03\\\/UMA_Logo-1.png\",\"contentUrl\":\"https:\\\/\\\/www.urbanmoveacademy.ch\\\/wp-content\\\/uploads\\\/2022\\\/03\\\/UMA_Logo-1.png\",\"width\":1890,\"height\":945,\"caption\":\"Urban Move Academy\"},\"image\":{\"@id\":\"https:\\\/\\\/www.urbanmoveacademy.ch\\\/en\\\/#\\\/schema\\\/logo\\\/image\\\/\"}}]}<\/script>\n<!-- \/ Yoast SEO plugin. -->","yoast_head_json":{"title":"Johanna Faye - Urban Move Academy - Gen\u00e8ve, Suisse","description":"Workshop Dance 02.12 - 06.12.2024 14:00 \u2013 18:00 UMA WestPark Studio A Open Workshop&nbsp; To register :&nbsp;info@urbanmoveacademy.ch \/ 022 980 99 95","robots":{"index":"index","follow":"follow","max-snippet":"max-snippet:-1","max-image-preview":"max-image-preview:large","max-video-preview":"max-video-preview:-1"},"canonical":"https:\/\/www.urbanmoveacademy.ch\/en\/event\/johanna-faye\/","og_locale":"en_US","og_type":"article","og_title":"Johanna Faye - Urban Move Academy - Gen\u00e8ve, Suisse","og_description":"Workshop Dance 02.12 - 06.12.2024 14:00 \u2013 18:00 UMA WestPark Studio A Open Workshop&nbsp; To register :&nbsp;info@urbanmoveacademy.ch \/ 022 980 99 95","og_url":"https:\/\/www.urbanmoveacademy.ch\/en\/event\/johanna-faye\/","og_site_name":"Urban Move Academy - Gen\u00e8ve, Suisse","article_modified_time":"2024-10-22T17:59:25+00:00","twitter_card":"summary_large_image","twitter_misc":{"Est. reading time":"1 minute"},"schema":{"@context":"https:\/\/schema.org","@graph":[{"@type":"WebPage","@id":"https:\/\/www.urbanmoveacademy.ch\/en\/event\/johanna-faye\/","url":"https:\/\/www.urbanmoveacademy.ch\/en\/event\/johanna-faye\/","name":"Johanna Faye - Urban Move Academy - Gen\u00e8ve, Suisse","isPartOf":{"@id":"https:\/\/www.urbanmoveacademy.ch\/en\/#website"},"datePublished":"2024-10-15T13:05:50+00:00","dateModified":"2024-10-22T17:59:25+00:00","description":"Workshop Dance 02.12 - 06.12.2024 14:00 \u2013 18:00 UMA WestPark Studio A Open Workshop&nbsp; To register :&nbsp;info@urbanmoveacademy.ch \/ 022 980 99 95","breadcrumb":{"@id":"https:\/\/www.urbanmoveacademy.ch\/en\/event\/johanna-faye\/#breadcrumb"},"inLanguage":"en-US","potentialAction":[{"@type":"ReadAction","target":["https:\/\/www.urbanmoveacademy.ch\/en\/event\/johanna-faye\/"]}]},{"@type":"BreadcrumbList","@id":"https:\/\/www.urbanmoveacademy.ch\/en\/event\/johanna-faye\/#breadcrumb","itemListElement":[{"@type":"ListItem","position":1,"name":"Accueil","item":"https:\/\/www.urbanmoveacademy.ch\/en\/"},{"@type":"ListItem","position":2,"name":"\u00c9v\u00e9nements","item":"https:\/\/www.urbanmoveacademy.ch\/en\/agenda\/"},{"@type":"ListItem","position":3,"name":"Johanna Faye"}]},{"@type":"WebSite","@id":"https:\/\/www.urbanmoveacademy.ch\/en\/#website","url":"https:\/\/www.urbanmoveacademy.ch\/en\/","name":"Urban Move Academy - Gen\u00e8ve, Suisse","description":"","publisher":{"@id":"https:\/\/www.urbanmoveacademy.ch\/en\/#organization"},"potentialAction":[{"@type":"SearchAction","target":{"@type":"EntryPoint","urlTemplate":"https:\/\/www.urbanmoveacademy.ch\/en\/?s={search_term_string}"},"query-input":{"@type":"PropertyValueSpecification","valueRequired":true,"valueName":"search_term_string"}}],"inLanguage":"en-US"},{"@type":"Organization","@id":"https:\/\/www.urbanmoveacademy.ch\/en\/#organization","name":"Urban Move Academy","url":"https:\/\/www.urbanmoveacademy.ch\/en\/","logo":{"@type":"ImageObject","inLanguage":"en-US","@id":"https:\/\/www.urbanmoveacademy.ch\/en\/#\/schema\/logo\/image\/","url":"https:\/\/www.urbanmoveacademy.ch\/wp-content\/uploads\/2022\/03\/UMA_Logo-1.png","contentUrl":"https:\/\/www.urbanmoveacademy.ch\/wp-content\/uploads\/2022\/03\/UMA_Logo-1.png","width":1890,"height":945,"caption":"Urban Move Academy"},"image":{"@id":"https:\/\/www.urbanmoveacademy.ch\/en\/#\/schema\/logo\/image\/"}}]}},"_links":{"self":[{"href":"https:\/\/www.urbanmoveacademy.ch\/en\/wp-json\/wp\/v2\/event\/4683","targetHints":{"allow":["GET"]}}],"collection":[{"href":"https:\/\/www.urbanmoveacademy.ch\/en\/wp-json\/wp\/v2\/event"}],"about":[{"href":"https:\/\/www.urbanmoveacademy.ch\/en\/wp-json\/wp\/v2\/types\/event"}],"wp:attachment":[{"href":"https:\/\/www.urbanmoveacademy.ch\/en\/wp-json\/wp\/v2\/media?parent=4683"}],"wp:term":[{"taxonomy":"event_category","embeddable":true,"href":"https:\/\/www.urbanmoveacademy.ch\/en\/wp-json\/wp\/v2\/event_category?post=4683"}],"curies":[{"name":"wp","href":"https:\/\/api.w.org\/{rel}","templated":true}]}}

<p>Workshop Dance</p>



<p>02.12 &#8211; 06.12.2024</p>



<p>14:00 – 18:00</p>



<p>UMA WestPark</p>



<p>Studio A</p>



<hr class="wp-block-separator has-alpha-channel-opacity"/>



<p>Open Workshop&nbsp;</p>



<p>To register :&nbsp;<a href="mailto:info@urbanmoveacademy.ch" target="_blank" rel="noreferrer noopener">info@urbanmoveacademy.ch</a>  / 022 980 99 95</p>



<p><a href="https://www.urbanmoveacademy.ch/en/workshops-open-classes/registration-prices/">Prices on our website</a>&nbsp;&nbsp;</p>



<p><strong>Johanna was born, raised, and still lives in the suburbs of Paris.</strong></p>



<p>An artist with multiple mediums – dance, acting, poetry, lighting, scenography, styling, tattooing, cooking – guided primarily by her need for expression, she likes to define herself as a designer.</p>



<p>Raised in hip-hop culture and self-taught, her artistic commitment was built through the practice of breakdancing. From this, she developed a deep conviction that she can be whatever she desires, that she is responsible for her power as well as her limits, and that it is up to her to pursue her ambitions.</p>



<p>She began her career as a performer with the Membros company in Rio de Janeiro, Brazil, then collaborated with choreographers such as Jérémie Bélingard—principal dancer of the Paris Opera, Amala Dianor, and the Wang Ramirez company. As a choreographer, she co-founded the Black Sheep company in 2015 with Saido Lehlouh. Both were appointed co-directors of the National Choreographic Center of Rennes and Brittany in 2019, as part of the Fair-e collective formed for this occasion. In 2023, she was awarded the distinction of Chevalier des Arts et des Lettres.</p>



<p>Since leaving the CCN in 2023, Johanna has continued to develop her role as artistic and choreographic director, remaining open to the worlds of theater, fashion, visual arts, and music. “I don’t want to choose a specific place to be creative, the only place I choose is the place of passion, love, and pleasure.” – J.F. Johanna Faye.</p>



<p><a href="https://www.instagram.com/johfaye/" target="_blank" rel="noreferrer noopener">@johfaye</a></p>



<p><em>highlight photo credit Jérôme Bonnet &nbsp;<a href="https://www.instagram.com/jjjbonnet/" target="_blank" rel="noreferrer noopener">@jjjbonnet</a></em></p>



<p></p>

<!-- This site is optimized with the Yoast SEO plugin v27.3 - https://yoast.com/product/yoast-seo-wordpress/ -->
<title>Johanna Faye - Urban Move Academy - Genève, Suisse</title>
<meta name="description" content="Workshop Dance 02.12 - 06.12.2024 14:00 – 18:00 UMA WestPark Studio A Open Workshop&nbsp; To register :&nbsp;info@urbanmoveacademy.ch / 022 980 99 95" />
<meta name="robots" content="index, follow, max-snippet:-1, max-image-preview:large, max-video-preview:-1" />
<link rel="canonical" href="https://www.urbanmoveacademy.ch/en/event/johanna-faye/" />
<meta property="og:locale" content="en_US" />
<meta property="og:type" content="article" />
<meta property="og:title" content="Johanna Faye - Urban Move Academy - Genève, Suisse" />
<meta property="og:description" content="Workshop Dance 02.12 - 06.12.2024 14:00 – 18:00 UMA WestPark Studio A Open Workshop&nbsp; To register :&nbsp;info@urbanmoveacademy.ch / 022 980 99 95" />
<meta property="og:url" content="https://www.urbanmoveacademy.ch/en/event/johanna-faye/" />
<meta property="og:site_name" content="Urban Move Academy - Genève, Suisse" />
<meta property="article:modified_time" content="2024-10-22T17:59:25+00:00" />
<meta name="twitter:card" content="summary_large_image" />
<meta name="twitter:label1" content="Est. reading time" />
	<meta name="twitter:data1" content="1 minute" />
<script type="application/ld+json" class="yoast-schema-graph">{"@context":"https:\/\/schema.org","@graph":[{"@type":"WebPage","@id":"https:\/\/www.urbanmoveacademy.ch\/en\/event\/johanna-faye\/","url":"https:\/\/www.urbanmoveacademy.ch\/en\/event\/johanna-faye\/","name":"Johanna Faye - Urban Move Academy - Genève, Suisse","isPartOf":{"@id":"https:\/\/www.urbanmoveacademy.ch\/en\/#website"},"datePublished":"2024-10-15T13:05:50+00:00","dateModified":"2024-10-22T17:59:25+00:00","description":"Workshop Dance 02.12 - 06.12.2024 14:00 – 18:00 UMA WestPark Studio A Open Workshop&nbsp; To register :&nbsp;info@urbanmoveacademy.ch \/ 022 980 99 95","breadcrumb":{"@id":"https:\/\/www.urbanmoveacademy.ch\/en\/event\/johanna-faye\/#breadcrumb"},"inLanguage":"en-US","potentialAction":[{"@type":"ReadAction","target":["https:\/\/www.urbanmoveacademy.ch\/en\/event\/johanna-faye\/"]}]},{"@type":"BreadcrumbList","@id":"https:\/\/www.urbanmoveacademy.ch\/en\/event\/johanna-faye\/#breadcrumb","itemListElement":[{"@type":"ListItem","position":1,"name":"Accueil","item":"https:\/\/www.urbanmoveacademy.ch\/en\/"},{"@type":"ListItem","position":2,"name":"Événements","item":"https:\/\/www.urbanmoveacademy.ch\/en\/agenda\/"},{"@type":"ListItem","position":3,"name":"Johanna Faye"}]},{"@type":"WebSite","@id":"https:\/\/www.urbanmoveacademy.ch\/en\/#website","url":"https:\/\/www.urbanmoveacademy.ch\/en\/","name":"Urban Move Academy - Genève, Suisse","description":"","publisher":{"@id":"https:\/\/www.urbanmoveacademy.ch\/en\/#organization"},"potentialAction":[{"@type":"SearchAction","target":{"@type":"EntryPoint","urlTemplate":"https:\/\/www.urbanmoveacademy.ch\/en\/?s={search_term_string}"},"query-input":{"@type":"PropertyValueSpecification","valueRequired":true,"valueName":"search_term_string"}}],"inLanguage":"en-US"},{"@type":"Organization","@id":"https:\/\/www.urbanmoveacademy.ch\/en\/#organization","name":"Urban Move Academy","url":"https:\/\/www.urbanmoveacademy.ch\/en\/","logo":{"@type":"ImageObject","inLanguage":"en-US","@id":"https:\/\/www.urbanmoveacademy.ch\/en\/#\/schema\/logo\/image\/","url":"https:\/\/www.urbanmoveacademy.ch\/wp-content\/uploads\/2022\/03\/UMA_Logo-1.png","contentUrl":"https:\/\/www.urbanmoveacademy.ch\/wp-content\/uploads\/2022\/03\/UMA_Logo-1.png","width":1890,"height":945,"caption":"Urban Move Academy"},"image":{"@id":"https:\/\/www.urbanmoveacademy.ch\/en\/#\/schema\/logo\/image\/"}}]}</script>
<!-- / Yoast SEO plugin. -->

Johanna Faye - Urban Move Academy - Genève, Suisse

Urban Move Academy - Genève, Suisse

Événements
