{"id":765,"date":"2022-03-01T04:30:39","date_gmt":"2022-03-01T03:30:39","guid":{"rendered":"https:\/\/www.urbanmoveacademy.ch\/?page_id=765"},"modified":"2026-04-21T16:20:13","modified_gmt":"2026-04-21T14:20:13","slug":"presentation-formations","status":"publish","type":"page","link":"https:\/\/www.urbanmoveacademy.ch\/en\/training-courses\/presentation-formations\/","title":{"rendered":"TOTAL MOVE"},"content":{"rendered":"\n<h2 class=\"wp-block-heading\">Our pre-professional training<\/h2>\n\n\n\n<p>The multidisciplinary TOTAL MOVE training program offered at UMA is built on two main pillars: Parkour and dance, with an optional third pillar, skateboarding, as a creative and performative discipline. The objective is to encourage dialogue between these disciplines and to combine theory and practice within a curriculum designed for young people aged 17 to 24.<\/p>\n\n\n\n<p>The TOTAL MOVE training program is characterized by technical improvement, the development of improvisational skills, openness to other disciplines such as contemporary dance, theater, music, and new technologies, as well as regular stage practice in various contexts.<\/p>\n\n\n\n<p>The objectives of the training<\/p>\n\n\n\n<ul class=\"wp-block-list\">\n<li>Develop a personal identity and artistic approach,<br><\/li>\n\n\n\n<li>Acquire the theoretical and technical tools necessary for professional practice,<br><\/li>\n\n\n\n<li>Gain practical stage experience and develop a connection with the audience,<br><\/li>\n\n\n\n<li>Encourage students to think, research, communicate, and adapt to different languages and contexts,<br><\/li>\n\n\n\n<li>Foster open-mindedness,<br><\/li>\n\n\n\n<li>Understand the performing arts industry and build a professional network.<\/li>\n<\/ul>\n\n\n\n<p>All students, whether dancers, traceurs (Parkour practitioners), or others, follow the same program, which alternates regular fundamental courses with experienced instructors, workshops with guest artists, creative processes, and stage experiences.<\/p>\n\n\n\n<hr class=\"wp-block-separator has-css-opacity\"\/>\n","protected":false},"excerpt":{"rendered":"<p>Our pre-professional training The multidisciplinary TOTAL MOVE training program offered at UMA is built on two main pillars: Parkour and dance, with an optional third pillar, skateboarding, as a creative and performative discipline. The objective is to encourage dialogue between these disciplines and to combine theory and practice within a curriculum designed for young people [&hellip;]<\/p>\n","protected":false},"author":1,"featured_media":0,"parent":761,"menu_order":0,"comment_status":"closed","ping_status":"closed","template":"","meta":{"_acf_changed":false,"footnotes":""},"class_list":["post-765","page","type-page","status-publish","hentry"],"acf":[],"yoast_head":"<!-- This site is optimized with the Yoast SEO plugin v27.3 - https:\/\/yoast.com\/product\/yoast-seo-wordpress\/ -->\n<title>Pr\u00e9sentations des formations - Urban Move Academy - Gen\u00e8ve, Suisse<\/title>\n<meta name=\"description\" content=\"Nos formations interdisciplinaires en arts et sports urbains, intensives ou en immersion, s\u2019adressent \u00e0 des jeunes \u00e2g\u00e9s de 15 \u00e0 21 ans, d\u00e9butants ou non.\" \/>\n<meta name=\"robots\" content=\"index, follow, max-snippet:-1, max-image-preview:large, max-video-preview:-1\" \/>\n<link rel=\"canonical\" href=\"https:\/\/www.urbanmoveacademy.ch\/en\/training-courses\/presentation-formations\/\" \/>\n<meta property=\"og:locale\" content=\"en_US\" \/>\n<meta property=\"og:type\" content=\"article\" \/>\n<meta property=\"og:title\" content=\"Pr\u00e9sentations des formations - Urban Move Academy - Gen\u00e8ve, Suisse\" \/>\n<meta property=\"og:description\" content=\"Nos formations interdisciplinaires en arts et sports urbains, intensives ou en immersion, s\u2019adressent \u00e0 des jeunes \u00e2g\u00e9s de 15 \u00e0 21 ans, d\u00e9butants ou non.\" \/>\n<meta property=\"og:url\" content=\"https:\/\/www.urbanmoveacademy.ch\/en\/training-courses\/presentation-formations\/\" \/>\n<meta property=\"og:site_name\" content=\"Urban Move Academy - Gen\u00e8ve, Suisse\" \/>\n<meta property=\"article:modified_time\" content=\"2026-04-21T14:20:13+00:00\" \/>\n<meta name=\"twitter:card\" content=\"summary_large_image\" \/>\n<meta name=\"twitter:label1\" content=\"Est. reading time\" \/>\n\t<meta name=\"twitter:data1\" content=\"3 minutes\" \/>\n<script type=\"application\/ld+json\" class=\"yoast-schema-graph\">{\"@context\":\"https:\\\/\\\/schema.org\",\"@graph\":[{\"@type\":\"WebPage\",\"@id\":\"https:\\\/\\\/www.urbanmoveacademy.ch\\\/en\\\/training-courses\\\/presentation-formations\\\/\",\"url\":\"https:\\\/\\\/www.urbanmoveacademy.ch\\\/en\\\/training-courses\\\/presentation-formations\\\/\",\"name\":\"Pr\u00e9sentations des formations - Urban Move Academy - Gen\u00e8ve, Suisse\",\"isPartOf\":{\"@id\":\"https:\\\/\\\/www.urbanmoveacademy.ch\\\/en\\\/#website\"},\"datePublished\":\"2022-03-01T03:30:39+00:00\",\"dateModified\":\"2026-04-21T14:20:13+00:00\",\"description\":\"Nos formations interdisciplinaires en arts et sports urbains, intensives ou en immersion, s\u2019adressent \u00e0 des jeunes \u00e2g\u00e9s de 15 \u00e0 21 ans, d\u00e9butants ou non.\",\"breadcrumb\":{\"@id\":\"https:\\\/\\\/www.urbanmoveacademy.ch\\\/en\\\/training-courses\\\/presentation-formations\\\/#breadcrumb\"},\"inLanguage\":\"en-US\",\"potentialAction\":[{\"@type\":\"ReadAction\",\"target\":[\"https:\\\/\\\/www.urbanmoveacademy.ch\\\/en\\\/training-courses\\\/presentation-formations\\\/\"]}]},{\"@type\":\"BreadcrumbList\",\"@id\":\"https:\\\/\\\/www.urbanmoveacademy.ch\\\/en\\\/training-courses\\\/presentation-formations\\\/#breadcrumb\",\"itemListElement\":[{\"@type\":\"ListItem\",\"position\":1,\"name\":\"Accueil\",\"item\":\"https:\\\/\\\/www.urbanmoveacademy.ch\\\/en\\\/\"},{\"@type\":\"ListItem\",\"position\":2,\"name\":\"Formation\",\"item\":\"https:\\\/\\\/www.urbanmoveacademy.ch\\\/en\\\/training-courses\\\/\"},{\"@type\":\"ListItem\",\"position\":3,\"name\":\"TOTAL MOVE\"}]},{\"@type\":\"WebSite\",\"@id\":\"https:\\\/\\\/www.urbanmoveacademy.ch\\\/en\\\/#website\",\"url\":\"https:\\\/\\\/www.urbanmoveacademy.ch\\\/en\\\/\",\"name\":\"Urban Move Academy - Gen\u00e8ve, Suisse\",\"description\":\"\",\"publisher\":{\"@id\":\"https:\\\/\\\/www.urbanmoveacademy.ch\\\/en\\\/#organization\"},\"potentialAction\":[{\"@type\":\"SearchAction\",\"target\":{\"@type\":\"EntryPoint\",\"urlTemplate\":\"https:\\\/\\\/www.urbanmoveacademy.ch\\\/en\\\/?s={search_term_string}\"},\"query-input\":{\"@type\":\"PropertyValueSpecification\",\"valueRequired\":true,\"valueName\":\"search_term_string\"}}],\"inLanguage\":\"en-US\"},{\"@type\":\"Organization\",\"@id\":\"https:\\\/\\\/www.urbanmoveacademy.ch\\\/en\\\/#organization\",\"name\":\"Urban Move Academy\",\"url\":\"https:\\\/\\\/www.urbanmoveacademy.ch\\\/en\\\/\",\"logo\":{\"@type\":\"ImageObject\",\"inLanguage\":\"en-US\",\"@id\":\"https:\\\/\\\/www.urbanmoveacademy.ch\\\/en\\\/#\\\/schema\\\/logo\\\/image\\\/\",\"url\":\"https:\\\/\\\/www.urbanmoveacademy.ch\\\/wp-content\\\/uploads\\\/2022\\\/03\\\/UMA_Logo-1.png\",\"contentUrl\":\"https:\\\/\\\/www.urbanmoveacademy.ch\\\/wp-content\\\/uploads\\\/2022\\\/03\\\/UMA_Logo-1.png\",\"width\":1890,\"height\":945,\"caption\":\"Urban Move Academy\"},\"image\":{\"@id\":\"https:\\\/\\\/www.urbanmoveacademy.ch\\\/en\\\/#\\\/schema\\\/logo\\\/image\\\/\"}}]}<\/script>\n<!-- \/ Yoast SEO plugin. -->","yoast_head_json":{"title":"Pr\u00e9sentations des formations - Urban Move Academy - Gen\u00e8ve, Suisse","description":"Nos formations interdisciplinaires en arts et sports urbains, intensives ou en immersion, s\u2019adressent \u00e0 des jeunes \u00e2g\u00e9s de 15 \u00e0 21 ans, d\u00e9butants ou non.","robots":{"index":"index","follow":"follow","max-snippet":"max-snippet:-1","max-image-preview":"max-image-preview:large","max-video-preview":"max-video-preview:-1"},"canonical":"https:\/\/www.urbanmoveacademy.ch\/en\/training-courses\/presentation-formations\/","og_locale":"en_US","og_type":"article","og_title":"Pr\u00e9sentations des formations - Urban Move Academy - Gen\u00e8ve, Suisse","og_description":"Nos formations interdisciplinaires en arts et sports urbains, intensives ou en immersion, s\u2019adressent \u00e0 des jeunes \u00e2g\u00e9s de 15 \u00e0 21 ans, d\u00e9butants ou non.","og_url":"https:\/\/www.urbanmoveacademy.ch\/en\/training-courses\/presentation-formations\/","og_site_name":"Urban Move Academy - Gen\u00e8ve, Suisse","article_modified_time":"2026-04-21T14:20:13+00:00","twitter_card":"summary_large_image","twitter_misc":{"Est. reading time":"3 minutes"},"schema":{"@context":"https:\/\/schema.org","@graph":[{"@type":"WebPage","@id":"https:\/\/www.urbanmoveacademy.ch\/en\/training-courses\/presentation-formations\/","url":"https:\/\/www.urbanmoveacademy.ch\/en\/training-courses\/presentation-formations\/","name":"Pr\u00e9sentations des formations - Urban Move Academy - Gen\u00e8ve, Suisse","isPartOf":{"@id":"https:\/\/www.urbanmoveacademy.ch\/en\/#website"},"datePublished":"2022-03-01T03:30:39+00:00","dateModified":"2026-04-21T14:20:13+00:00","description":"Nos formations interdisciplinaires en arts et sports urbains, intensives ou en immersion, s\u2019adressent \u00e0 des jeunes \u00e2g\u00e9s de 15 \u00e0 21 ans, d\u00e9butants ou non.","breadcrumb":{"@id":"https:\/\/www.urbanmoveacademy.ch\/en\/training-courses\/presentation-formations\/#breadcrumb"},"inLanguage":"en-US","potentialAction":[{"@type":"ReadAction","target":["https:\/\/www.urbanmoveacademy.ch\/en\/training-courses\/presentation-formations\/"]}]},{"@type":"BreadcrumbList","@id":"https:\/\/www.urbanmoveacademy.ch\/en\/training-courses\/presentation-formations\/#breadcrumb","itemListElement":[{"@type":"ListItem","position":1,"name":"Accueil","item":"https:\/\/www.urbanmoveacademy.ch\/en\/"},{"@type":"ListItem","position":2,"name":"Formation","item":"https:\/\/www.urbanmoveacademy.ch\/en\/training-courses\/"},{"@type":"ListItem","position":3,"name":"TOTAL MOVE"}]},{"@type":"WebSite","@id":"https:\/\/www.urbanmoveacademy.ch\/en\/#website","url":"https:\/\/www.urbanmoveacademy.ch\/en\/","name":"Urban Move Academy - Gen\u00e8ve, Suisse","description":"","publisher":{"@id":"https:\/\/www.urbanmoveacademy.ch\/en\/#organization"},"potentialAction":[{"@type":"SearchAction","target":{"@type":"EntryPoint","urlTemplate":"https:\/\/www.urbanmoveacademy.ch\/en\/?s={search_term_string}"},"query-input":{"@type":"PropertyValueSpecification","valueRequired":true,"valueName":"search_term_string"}}],"inLanguage":"en-US"},{"@type":"Organization","@id":"https:\/\/www.urbanmoveacademy.ch\/en\/#organization","name":"Urban Move Academy","url":"https:\/\/www.urbanmoveacademy.ch\/en\/","logo":{"@type":"ImageObject","inLanguage":"en-US","@id":"https:\/\/www.urbanmoveacademy.ch\/en\/#\/schema\/logo\/image\/","url":"https:\/\/www.urbanmoveacademy.ch\/wp-content\/uploads\/2022\/03\/UMA_Logo-1.png","contentUrl":"https:\/\/www.urbanmoveacademy.ch\/wp-content\/uploads\/2022\/03\/UMA_Logo-1.png","width":1890,"height":945,"caption":"Urban Move Academy"},"image":{"@id":"https:\/\/www.urbanmoveacademy.ch\/en\/#\/schema\/logo\/image\/"}}]}},"_links":{"self":[{"href":"https:\/\/www.urbanmoveacademy.ch\/en\/wp-json\/wp\/v2\/pages\/765","targetHints":{"allow":["GET"]}}],"collection":[{"href":"https:\/\/www.urbanmoveacademy.ch\/en\/wp-json\/wp\/v2\/pages"}],"about":[{"href":"https:\/\/www.urbanmoveacademy.ch\/en\/wp-json\/wp\/v2\/types\/page"}],"author":[{"embeddable":true,"href":"https:\/\/www.urbanmoveacademy.ch\/en\/wp-json\/wp\/v2\/users\/1"}],"replies":[{"embeddable":true,"href":"https:\/\/www.urbanmoveacademy.ch\/en\/wp-json\/wp\/v2\/comments?post=765"}],"version-history":[{"count":10,"href":"https:\/\/www.urbanmoveacademy.ch\/en\/wp-json\/wp\/v2\/pages\/765\/revisions"}],"predecessor-version":[{"id":6677,"href":"https:\/\/www.urbanmoveacademy.ch\/en\/wp-json\/wp\/v2\/pages\/765\/revisions\/6677"}],"up":[{"embeddable":true,"href":"https:\/\/www.urbanmoveacademy.ch\/en\/wp-json\/wp\/v2\/pages\/761"}],"wp:attachment":[{"href":"https:\/\/www.urbanmoveacademy.ch\/en\/wp-json\/wp\/v2\/media?parent=765"}],"curies":[{"name":"wp","href":"https:\/\/api.w.org\/{rel}","templated":true}]}}

<!-- This site is optimized with the Yoast SEO plugin v27.3 - https://yoast.com/product/yoast-seo-wordpress/ -->
<title>Présentations des formations - Urban Move Academy - Genève, Suisse</title>
<meta name="description" content="Nos formations interdisciplinaires en arts et sports urbains, intensives ou en immersion, s’adressent à des jeunes âgés de 15 à 21 ans, débutants ou non." />
<meta name="robots" content="index, follow, max-snippet:-1, max-image-preview:large, max-video-preview:-1" />
<link rel="canonical" href="https://www.urbanmoveacademy.ch/en/training-courses/presentation-formations/" />
<meta property="og:locale" content="en_US" />
<meta property="og:type" content="article" />
<meta property="og:title" content="Présentations des formations - Urban Move Academy - Genève, Suisse" />
<meta property="og:description" content="Nos formations interdisciplinaires en arts et sports urbains, intensives ou en immersion, s’adressent à des jeunes âgés de 15 à 21 ans, débutants ou non." />
<meta property="og:url" content="https://www.urbanmoveacademy.ch/en/training-courses/presentation-formations/" />
<meta property="og:site_name" content="Urban Move Academy - Genève, Suisse" />
<meta property="article:modified_time" content="2026-04-21T14:20:13+00:00" />
<meta name="twitter:card" content="summary_large_image" />
<meta name="twitter:label1" content="Est. reading time" />
	<meta name="twitter:data1" content="3 minutes" />
<script type="application/ld+json" class="yoast-schema-graph">{"@context":"https:\/\/schema.org","@graph":[{"@type":"WebPage","@id":"https:\/\/www.urbanmoveacademy.ch\/en\/training-courses\/presentation-formations\/","url":"https:\/\/www.urbanmoveacademy.ch\/en\/training-courses\/presentation-formations\/","name":"Présentations des formations - Urban Move Academy - Genève, Suisse","isPartOf":{"@id":"https:\/\/www.urbanmoveacademy.ch\/en\/#website"},"datePublished":"2022-03-01T03:30:39+00:00","dateModified":"2026-04-21T14:20:13+00:00","description":"Nos formations interdisciplinaires en arts et sports urbains, intensives ou en immersion, s’adressent à des jeunes âgés de 15 à 21 ans, débutants ou non.","breadcrumb":{"@id":"https:\/\/www.urbanmoveacademy.ch\/en\/training-courses\/presentation-formations\/#breadcrumb"},"inLanguage":"en-US","potentialAction":[{"@type":"ReadAction","target":["https:\/\/www.urbanmoveacademy.ch\/en\/training-courses\/presentation-formations\/"]}]},{"@type":"BreadcrumbList","@id":"https:\/\/www.urbanmoveacademy.ch\/en\/training-courses\/presentation-formations\/#breadcrumb","itemListElement":[{"@type":"ListItem","position":1,"name":"Accueil","item":"https:\/\/www.urbanmoveacademy.ch\/en\/"},{"@type":"ListItem","position":2,"name":"Formation","item":"https:\/\/www.urbanmoveacademy.ch\/en\/training-courses\/"},{"@type":"ListItem","position":3,"name":"TOTAL MOVE"}]},{"@type":"WebSite","@id":"https:\/\/www.urbanmoveacademy.ch\/en\/#website","url":"https:\/\/www.urbanmoveacademy.ch\/en\/","name":"Urban Move Academy - Genève, Suisse","description":"","publisher":{"@id":"https:\/\/www.urbanmoveacademy.ch\/en\/#organization"},"potentialAction":[{"@type":"SearchAction","target":{"@type":"EntryPoint","urlTemplate":"https:\/\/www.urbanmoveacademy.ch\/en\/?s={search_term_string}"},"query-input":{"@type":"PropertyValueSpecification","valueRequired":true,"valueName":"search_term_string"}}],"inLanguage":"en-US"},{"@type":"Organization","@id":"https:\/\/www.urbanmoveacademy.ch\/en\/#organization","name":"Urban Move Academy","url":"https:\/\/www.urbanmoveacademy.ch\/en\/","logo":{"@type":"ImageObject","inLanguage":"en-US","@id":"https:\/\/www.urbanmoveacademy.ch\/en\/#\/schema\/logo\/image\/","url":"https:\/\/www.urbanmoveacademy.ch\/wp-content\/uploads\/2022\/03\/UMA_Logo-1.png","contentUrl":"https:\/\/www.urbanmoveacademy.ch\/wp-content\/uploads\/2022\/03\/UMA_Logo-1.png","width":1890,"height":945,"caption":"Urban Move Academy"},"image":{"@id":"https:\/\/www.urbanmoveacademy.ch\/en\/#\/schema\/logo\/image\/"}}]}</script>
<!-- / Yoast SEO plugin. -->

Présentations des formations - Urban Move Academy - Genève, Suisse

Nos formations interdisciplinaires en arts et sports urbains, intensives ou en immersion, s’adressent à des jeunes âgés de 15 à 21 ans, débutants ou non.

Urban Move Academy - Genève, Suisse
